{"id":1781,"date":"2025-12-16T20:00:53","date_gmt":"2025-12-16T20:00:53","guid":{"rendered":"https:\/\/fabio.com.tn\/?post_type=product&#038;p=1781"},"modified":"2025-12-23T15:14:20","modified_gmt":"2025-12-23T15:14:20","slug":"jogging-enfant-street-union","status":"publish","type":"product","link":"https:\/\/fabio.com.tn\/index.php\/product\/jogging-enfant-street-union\/","title":{"rendered":"Jogging Enfant Street Union"},"content":{"rendered":"<p data-start=\"461\" data-end=\"699\">Jogging enfant con\u00e7u pour offrir <strong data-start=\"494\" data-end=\"536\">confort, style et libert\u00e9 de mouvement<\/strong>.<br data-start=\"537\" data-end=\"540\" \/>Sa <strong data-start=\"543\" data-end=\"586\">taille \u00e9lastique avec cordon de serrage<\/strong> garantit un ajustement parfait, tandis que sa <strong data-start=\"633\" data-end=\"669\">coupe moderne avec bas resserr\u00e9s<\/strong> assure un excellent maintien.<\/p>\n<p data-start=\"701\" data-end=\"992\">Son <strong data-start=\"705\" data-end=\"742\">imprim\u00e9 streetwear \u201cStreet Union\u201d<\/strong> apporte une touche tendance et dynamique, id\u00e9ale pour les enfants qui aiment un style urbain. Confectionn\u00e9 dans un <strong data-start=\"858\" data-end=\"884\">tissu doux et agr\u00e9able<\/strong>, ce jogging est parfait pour le quotidien, que ce soit pour l\u2019\u00e9cole, les sorties ou les moments de d\u00e9tente.<\/p>\n","protected":false},"excerpt":{"rendered":"<p>Jogging enfant confortable \u00e0 taille \u00e9lastique avec cordon de serrage, imprim\u00e9 streetwear. Id\u00e9al pour un look urbain et d\u00e9contract\u00e9.<\/p>\n","protected":false},"featured_media":1782,"comment_status":"open","ping_status":"closed","template":"","meta":{"content-type":"","om_disable_all_campaigns":false,"_monsterinsights_skip_tracking":false,"_monsterinsights_sitenote_active":false,"_monsterinsights_sitenote_note":"","_monsterinsights_sitenote_category":0,"_uf_show_specific_survey":0,"_uf_disable_surveys":false},"product_brand":[],"product_cat":[294,311,302,319],"product_tag":[],"class_list":{"0":"post-1781","1":"product","2":"type-product","3":"status-publish","4":"has-post-thumbnail","6":"product_cat-garcon-112-6-ans","7":"product_cat-garcon-6-14-ans","8":"product_cat-jogging","9":"product_cat-jogging-2","11":"first","12":"instock","13":"sale","14":"taxable","15":"shipping-taxable","16":"purchasable","17":"product-type-simple"},"ct_brands":[],"jetpack_sharing_enabled":true,"_links":{"self":[{"href":"https:\/\/fabio.com.tn\/index.php\/wp-json\/wp\/v2\/product\/1781","targetHints":{"allow":["GET"]}}],"collection":[{"href":"https:\/\/fabio.com.tn\/index.php\/wp-json\/wp\/v2\/product"}],"about":[{"href":"https:\/\/fabio.com.tn\/index.php\/wp-json\/wp\/v2\/types\/product"}],"replies":[{"embeddable":true,"href":"https:\/\/fabio.com.tn\/index.php\/wp-json\/wp\/v2\/comments?post=1781"}],"wp:featuredmedia":[{"embeddable":true,"href":"https:\/\/fabio.com.tn\/index.php\/wp-json\/wp\/v2\/media\/1782"}],"wp:attachment":[{"href":"https:\/\/fabio.com.tn\/index.php\/wp-json\/wp\/v2\/media?parent=1781"}],"wp:term":[{"taxonomy":"product_brand","embeddable":true,"href":"https:\/\/fabio.com.tn\/index.php\/wp-json\/wp\/v2\/product_brand?post=1781"},{"taxonomy":"product_cat","embeddable":true,"href":"https:\/\/fabio.com.tn\/index.php\/wp-json\/wp\/v2\/product_cat?post=1781"},{"taxonomy":"product_tag","embeddable":true,"href":"https:\/\/fabio.com.tn\/index.php\/wp-json\/wp\/v2\/product_tag?post=1781"}],"curies":[{"name":"wp","href":"https:\/\/api.w.org\/{rel}","templated":true}]}}