{"id":1783,"date":"2025-12-16T20:06:42","date_gmt":"2025-12-16T20:06:42","guid":{"rendered":"https:\/\/fabio.com.tn\/?post_type=product&#038;p=1783"},"modified":"2025-12-23T15:06:50","modified_gmt":"2025-12-23T15:06:50","slug":"hoodie-enfant-stitch-cute","status":"publish","type":"product","link":"https:\/\/fabio.com.tn\/index.php\/product\/hoodie-enfant-stitch-cute\/","title":{"rendered":"Hoodie Enfant Stitch Cute"},"content":{"rendered":"<p data-start=\"531\" data-end=\"724\">Hoodie enfant con\u00e7u pour allier <strong data-start=\"563\" data-end=\"600\">confort, chaleur et style ludique<\/strong>.<br data-start=\"601\" data-end=\"604\" \/>Sa <strong data-start=\"607\" data-end=\"629\">coupe d\u00e9contract\u00e9e<\/strong>, sa <strong data-start=\"634\" data-end=\"654\">capuche int\u00e9gr\u00e9e<\/strong> et son <strong data-start=\"662\" data-end=\"676\">tissu doux<\/strong> offrent un excellent confort pour le quotidien.<\/p>\n<p data-start=\"726\" data-end=\"998\">L\u2019<strong data-start=\"728\" data-end=\"792\">imprim\u00e9 cartoon original avec \u00e9toiles et typographie moderne<\/strong> apporte une touche fun et streetwear qui pla\u00eet beaucoup aux enfants. Les <strong data-start=\"866\" data-end=\"885\">manches longues<\/strong>, les <strong data-start=\"891\" data-end=\"910\">bords resserr\u00e9s<\/strong> et la <strong data-start=\"917\" data-end=\"937\">finition soign\u00e9e<\/strong> assurent un bon maintien et une grande libert\u00e9 de mouvement.<\/p>\n","protected":false},"excerpt":{"rendered":"<p>Hoodie enfant rose \u00e0 capuche, doux et confortable, avec imprim\u00e9 cartoon et d\u00e9tails graphiques. Parfait pour un look fun et tendance.<\/p>\n","protected":false},"featured_media":1784,"comment_status":"open","ping_status":"closed","template":"","meta":{"content-type":"","om_disable_all_campaigns":false,"_monsterinsights_skip_tracking":false,"_monsterinsights_sitenote_active":false,"_monsterinsights_sitenote_note":"","_monsterinsights_sitenote_category":0,"_uf_show_specific_survey":0,"_uf_disable_surveys":false},"product_brand":[],"product_cat":[294,311,298,315],"product_tag":[],"class_list":{"0":"post-1783","1":"product","2":"type-product","3":"status-publish","4":"has-post-thumbnail","6":"product_cat-garcon-112-6-ans","7":"product_cat-garcon-6-14-ans","8":"product_cat-hoodies-4","9":"product_cat-hoodies-5","11":"first","12":"instock","13":"sale","14":"taxable","15":"shipping-taxable","16":"purchasable","17":"product-type-simple"},"ct_brands":[],"jetpack_sharing_enabled":true,"_links":{"self":[{"href":"https:\/\/fabio.com.tn\/index.php\/wp-json\/wp\/v2\/product\/1783","targetHints":{"allow":["GET"]}}],"collection":[{"href":"https:\/\/fabio.com.tn\/index.php\/wp-json\/wp\/v2\/product"}],"about":[{"href":"https:\/\/fabio.com.tn\/index.php\/wp-json\/wp\/v2\/types\/product"}],"replies":[{"embeddable":true,"href":"https:\/\/fabio.com.tn\/index.php\/wp-json\/wp\/v2\/comments?post=1783"}],"wp:featuredmedia":[{"embeddable":true,"href":"https:\/\/fabio.com.tn\/index.php\/wp-json\/wp\/v2\/media\/1784"}],"wp:attachment":[{"href":"https:\/\/fabio.com.tn\/index.php\/wp-json\/wp\/v2\/media?parent=1783"}],"wp:term":[{"taxonomy":"product_brand","embeddable":true,"href":"https:\/\/fabio.com.tn\/index.php\/wp-json\/wp\/v2\/product_brand?post=1783"},{"taxonomy":"product_cat","embeddable":true,"href":"https:\/\/fabio.com.tn\/index.php\/wp-json\/wp\/v2\/product_cat?post=1783"},{"taxonomy":"product_tag","embeddable":true,"href":"https:\/\/fabio.com.tn\/index.php\/wp-json\/wp\/v2\/product_tag?post=1783"}],"curies":[{"name":"wp","href":"https:\/\/api.w.org\/{rel}","templated":true}]}}